digit of 119333?
3
What is the hundreds digit of 3680?
6
What is the hundreds digit of 59348?
3
What is the tens digit of 7881?
8
What is the hundreds digit of 293?
2
What is the tens digit of 733?
3
What is the tens digit of 563?
6
What is the thousands digit of 3454?
3
What is the units digit of 47?
7
What is the tens digit of 2677?
7
What is the units digit of 613?
3
What is the units digit of 1604?
4
What is the hundreds digit of 874?
8
What is the units digit of 17446?
6
What is the tens digit of 1528?
2
What is the units digit of 33?
3
What is the hundreds digit of 10951?
9
What is the units digit of 8929?
9
What is the tens digit of 1953?
5
What is the tens digit of 155566?
6
What is the units digit of 79?
9
What is the thousands digit of 4334?
4
What is the tens digit of 15513?
1
What is the hundreds digit of 3882?
8
What is the units digit of 2047?
7
What is the units digit of 528?
8
What is the thousands digit of 13416?
3
What is the units digit of 723?
3
What is the units digit of 7985?
5
What is the ten thousands digit of 78256?
7
What is the tens digit of 26556?
5
What is the hundreds digit of 2014?
0
What is the tens digit of 2895?
9
What is the units digit of 2593?
3
What is the tens digit of 378?
7
What is the tens digit of 4925?
2
What is the tens digit of 1574?
7
What is the tens digit of 8645?
4
What is the hundreds digit of 955?
9
What is the units digit of 3106?
6
What is the tens digit of 20247?
4
What is the units digit of 938?
8
What is the tens digit of 94934?
3
What is the thousands digit of 1839?
1
What is the units digit of 171?
1
What is the tens digit of 2804?
0
What is the hundreds digit of 1553?
5
What is the hundreds digit of 834?
8
What is the tens digit of 859?
5
What is the ten thousands digit of 58155?
5
What is the thousands digit of 9157?
9
What is the tens digit of 83?
8
What is the units digit of 1834?
4
What is the tens digit of 972?
7
What is the units digit of 33?
3
What is the units digit of 1385?
5
What is the hundreds digit of 3399?
3
What is the tens digit of 5105?
0
What is the thousands digit of 2522?
2
What is the units digit of 7197?
7
What is the tens digit of 6523?
2
What is the hundreds digit of 6298?
2
What is the tens digit of 4624?
2
What is the hundreds digit of 21875?
8
What is the tens digit of 21133?
3
What is the units digit of 666?
6
What is the tens digit of 1780?
8
What is the thousands digit of 8099?
8
What is the tens digit of 1658?
5
What is the ten thousands digit of 51274?
5
What is the tens digit of 2047?
4
What is the units digit of 68?
8
What is the tens digit of 95338?
3
What is the thousands digit of 3373?
3
What is the ten thousands digit of 54707?
5
What is the hundreds digit of 1426?
4
What is the thousands digit of 51759?
1
What is the thousands digit of 15665?
5
What is the ten thousands digit of 18955?
1
What is the ten thousands digit of 33506?
3
What is the units digit of 2626?
6
What is the hundreds digit of 8552?
5
What is the hundreds digit of 7555?
5
What is the units digit of 79?
9
What is the units digit of 5097?
7
What is the tens digit of 78523?
2
What is the units digit of 1028?
8
What is the hundreds digit of 318?
3
What is the hundreds digit of 2948?
9
What is the thousands digit of 1247?
1
What is the tens digit of 1175?
7
What is the hundreds digit of 198?
1
What is the tens digit of 887?
8
What is the ten thousands digit of 11902?
1
What is the tens digit of 3326?
2
What is the hundreds digit of 39284?
2
What is the units digit of 608?
8
What is the thousands digit of 5436?
5
What is the tens digit of 9268?
6
What is the hundreds digit of 35064?
0
What is the hundreds digit of 5776?
7
What is the units digit of 10893?
3
What is the tens digit of 3029?
2
What is the tens digit of 420?
2
What is the thousands digit of 1484?
1
What is the units digit of 5397?
7
What is the units digit of 6738?
8
What is the tens digit of 976?
7
What is the hundreds digit of 887?
8
What is the thousands digit of 2549?
2
What is the thousands digit of 9549?
9
What is the ten thousands digit of 63419?
6
What is the hundreds digit of 446?
4
What is the hundreds digit of 387?
3
What is the units digit of 1055?
5
What is the tens digit of 6838?
3
What is the thousands digit of 23245?
3
What is the units digit of 260?
0
What is the units digit of 19614?
4
What is the units digit of 5762?
2
What is the ten thousands digit of 16028?
1
What is the hundreds digit of 1313?
3
What is the hundreds digit of 44932?
9
What is the hundreds digit of 921?
9
What is the hundreds digit of 5546?
5
What is the hundreds digit of 3875?
8
What is the hundreds digit of 4215?
2
What is the tens digit of 11915?
1
What is the ten thousands digit of 49111?
4
What is the tens digit of 2981?
8
What is the ten thousands digit of 122166?
2
What is the hundred thousands digit of 116644?
1
What is the hundreds digit of 5045?
0
What is the units digit of 22057?
7
What is the units digit of 14016?
6
What is the tens digit of 19878?
7
What is the thousands digit of 2642?
2
What is the hundreds digit of 195?
1
What is the tens digit of 878?
7
What is the tens digit of 15067?
6
What is the thousands digit of 1829?
1
What is the tens digit of 7952?
5
What is the hundreds digit of 18089?
0
What is the thousands digit of 4466?
4
What is the hundreds digit of 211?
2
What is the hundreds digit of 9836?
8
What is the ten thousands digit of 24759?
2
What is the units digit of 380?
0
What is the hundreds digit of 632?
6
What is the tens digit of 9506?
0
What is the thousands digit of 2980?
2
What is the tens digit of 1362?
6
What is the hundreds digit of 1863?
8
What is the hundreds digit of 1048?
0
What is the hundreds digit of 67731?
7
What is the tens digit of 64016?
1
What is the thousands digit of 5293?
5
What is the tens digit of 3364?
6
What is the units digit of 4340?
0
What is the units digit of 784?
4
What is the ten thousands digit of 83114?
8
What is the tens digit of 3408?
0
What is the hundreds digit of 3313?
3
What is the hundreds digit of 128?
1
What is the thousands digit of 2749?
2
What is the tens digit of 2850?
5
What is the thousands digit of 56872?
6
What is the tens digit of 4266?
6
What is the thousands digit of 2231?
2
What is the hundreds digit of 2711?
7
What is the hundreds digit of 199?
1
What is the tens digit of 20076?
7
What is the units digit of 7201?
1
What is the tens digit of 405?
0
What is the tens digit of 1064?
6
What is the hundreds digit of 71947?
9
What is the hundreds digit of 441?
4
What is the tens digit of 59830?
3
What is the units digit of 5282?
2
What is the hundreds digit of 6931?
9
What is the hundreds digit of 99796?
7
What is the tens digit of 49?
4
What is the tens digit of 268?
6
What is the units digit of 336?
6
What is the tens digit of 1164?
6
What is the units digit of 4?
4
What is the units digit of 26041?
1
What is the ten thousands digit of 25729?
2
What is the hundreds digit of 349?
3
What is the hundreds digit of 1612?
6
What is the units digit of 3029?
9
What is the hundreds digit of 3010?
0
What is the tens digit of 64450?
5
What is the hundreds digit of 13652?
6
What is the hundreds digit of 816?
8
What is the units digit of 65903?
3
What is the units digit of 1697?
7
What is the hundred thousands digit of 138117?
1
What is the thousands digit of 54012?
4
What is the hundreds digit of 677?
6
What is the tens digit of 2150?
5
What is the units digit of 213?
3
What is the units digit of 16414?
4
What is the units digit of 1570?
0
What is the thousands digit of 23289?
3
What is the tens digit of 23432?
3
What is the hundreds digit of 2157?
1
What is the thousands digit of 34405?
4
What is the thousands digit of 4853?
4
What is the thousands digit of 2885?
2
What is the units digit of 75551?
1
What is the tens digit of 4590?
9
What is the thousands digit of 4635?
4
What is the tens digit of 20813?
1
What is the thousands digit of 22135?
2
What is the units digit of 4690?
0
What is the ten thousands digit of 38301?
3
What is the tens digit of 4863?
6
What is the tens digit of 850?
5
What is the tens digit of 1779?
7
What is the tens digit of 59?
5
What is the tens digit of 26?
2
What is the thousands digit of 23484?
3
What is the units digit of 30668?